 16 and 20.
4
Calculate the highest common factor of 1124 and 18827.
281
Calculate the highest common divisor of 1679 and 73.
73
Calculate the greatest common factor of 1224 and 1700.
68
Calculate the greatest common divisor of 22 and 253.
11
What is the greatest common divisor of 17 and 8?
1
Calculate the highest common divisor of 660 and 374.
22
What is the greatest common factor of 363 and 25289?
121
What is the greatest common factor of 759 and 33?
33
What is the highest common factor of 220 and 792?
44
Calculate the greatest common factor of 18 and 414.
18
What is the greatest common divisor of 3782 and 1178?
62
Calculate the highest common factor of 513 and 27.
27
Calculate the greatest common divisor of 13 and 85202.
13
Calculate the highest common divisor of 3 and 3.
3
What is the greatest common divisor of 120 and 320?
40
What is the greatest common divisor of 8 and 224?
8
What is the greatest common divisor of 110 and 935?
55
Calculate the highest common divisor of 24 and 10596.
12
Calculate the greatest common factor of 4794 and 204.
102
What is the highest common divisor of 1746 and 108?
18
What is the greatest common factor of 96 and 3?
3
Calculate the highest common divisor of 1015 and 140.
35
What is the highest common divisor of 400 and 14640?
80
What is the greatest common factor of 14020 and 5?
5
Calculate the highest common divisor of 18 and 954.
18
What is the highest common factor of 3224 and 26?
26
Calculate the greatest common factor of 1176 and 21.
21
Calculate the highest common factor of 90 and 60.
30
What is the highest common divisor of 125 and 5?
5
What is the highest common factor of 36 and 9702?
18
Calculate the greatest common divisor of 30 and 18.
6
What is the highest common factor of 4136 and 88?
88
What is the highest common divisor of 15379 and 7?
7
Calculate the greatest common factor of 81 and 324.
81
Calculate the highest common divisor of 1475 and 118.
59
What is the greatest common divisor of 74 and 14023?
37
Calculate the highest common divisor of 2227 and 17.
17
What is the highest common factor of 130 and 610?
10
Calculate the greatest common factor of 141 and 799.
47
What is the highest common factor of 4718 and 7?
7
Calculate the greatest common factor of 198 and 858.
66
What is the greatest common divisor of 1388 and 4?
4
What is the highest common divisor of 39 and 1599?
39
What is the highest common divisor of 56 and 21?
7
Calculate the greatest common factor of 6450 and 10.
10
Calculate the greatest common divisor of 12 and 512.
4
Calculate the greatest common divisor of 549 and 18.
9
What is the greatest common divisor of 588 and 12?
12
What is the greatest common factor of 40 and 20?
20
What is the greatest common factor of 2967 and 129?
129
Calculate the highest common factor of 46 and 69.
23
Calculate the highest common factor of 150 and 65.
5
What is the greatest common divisor of 2601 and 9?
9
Calculate the highest common divisor of 425 and 340.
85
Calculate the greatest common factor of 29220 and 5.
5
Calculate the greatest common factor of 832 and 32.
32
What is the highest common factor of 1098 and 18?
18
Calculate the highest common divisor of 1314 and 584.
146
What is the greatest common divisor of 741 and 78?
39
Calculate the greatest common factor of 4922 and 184.
46
What is the greatest common factor of 575 and 75?
25
Calculate the greatest common factor of 55 and 2915.
55
What is the greatest common divisor of 42 and 602?
14
Calculate the highest common divisor of 111 and 123.
3
What is the highest common factor of 221 and 85?
17
Calculate the greatest common factor of 35 and 455.
35
What is the greatest common divisor of 1147 and 186?
31
Calculate the greatest common divisor of 143 and 22.
11
Calculate the greatest common factor of 16006 and 151.
151
Calculate the greatest common factor of 91 and 104.
13
Calculate the highest common factor of 1352 and 32.
8
Calculate the highest common divisor of 144 and 21456.
144
Calculate the highest common divisor of 4 and 16396.
4
Calculate the greatest common divisor of 9 and 2097.
9
Calculate the highest common factor of 62 and 3.
1
Calculate the greatest common factor of 405 and 567.
81
What is the greatest common factor of 126 and 4221?
63
Calculate the highest common factor of 1072 and 3283.
67
Calculate the greatest common factor of 168 and 7581.
21
Calculate the greatest common factor of 930 and 690.
30
What is the highest common divisor of 8 and 4?
4
What is the greatest common factor of 29 and 11?
1
What is the highest common factor of 3 and 48?
3
Calculate the greatest common divisor of 351 and 2080.
13
Calculate the greatest common factor of 2948 and 44.
44
What is the highest common factor of 2 and 98?
2
What is the greatest common divisor of 1856 and 116?
116
Calculate the highest common factor of 69 and 115.
23
What is the highest common factor of 52 and 3926?
26
What is the greatest common factor of 19 and 2432?
19
Calculate the greatest common divisor of 4575 and 122.
61
What is the highest common factor of 518 and 140?
14
What is the greatest common factor of 1068 and 28?
4
Calculate the highest common divisor of 10550 and 100.
50
What is the highest common divisor of 720 and 760?
40
Calculate the highest common divisor of 384 and 288.
96
Calculate the highest common factor of 525 and 1155.
105
What is the highest common factor of 29 and 19604?
29
What is the greatest common factor of 276 and 60?
12
Calculate the highest common factor of 3060 and 45.
45
Calculate the highest common factor of 90 and 945.
45
Calculate the highest common factor of 578 and 340.
34
Calculate the greatest common divisor of 1652 and 364.
28
Calculate the greatest common divisor of 260 and 195.
65
What is the highest common divisor of 861 and 1353?
123
What is the highest common factor of 2 and 922?
2
What is the greatest common divisor of 67 and 7?
1
What is the highest common factor of 783 and 27?
27
What is the greatest common factor of 8127 and 126?
63
What is the greatest common divisor of 212 and 7261?
53
Calculate the highest common divisor of 2712 and 24.
24
What is the greatest common divisor of 160 and 4720?
80
What is the greatest common divisor of 4592 and 256?
16
Calculate the greatest common factor of 106 and 265.
53
What is the highest common divisor of 4029 and 51?
51
Calculate the highest common factor of 7 and 77.
7
What is the highest common factor of 2 and 26?
2
What is the greatest common divisor of 568 and 639?
71
Calculate the greatest common divisor of 296 and 333.
37
Calculate the highest common divisor of 4165 and 51.
17
Calculate the highest common divisor of 36 and 243.
9
What is the greatest common divisor of 60 and 426?
6
Calculate the greatest common divisor of 3055 and 39.
13
What is the greatest common divisor of 714 and 126?
42
Calculate the greatest common divisor of 218 and 32.
2
What is the highest common factor of 420 and 120?
60
What is the highest common divisor of 52 and 494?
26
Calculate the highest common factor of 862 and 2.
2
Calculate the greatest common factor of 2448 and 486.
18
Calculate the greatest common factor of 1026 and 228.
114
What is the greatest common factor of 120 and 2760?
120
Calculate the highest common factor of 6 and 6774.
6
Calculate the highest common factor of 28 and 3584.
28
Calculate the highest common divisor of 1917 and 27.
27
Calculate the greatest common divisor of 402 and 1072.
134
Calculate the greatest common divisor of 612 and 108.
36
Calculate the greatest common divisor of 41 and 16.
1
What is the highest common factor of 15 and 165?
15
Calculate the highest common factor of 102 and 221.
17
Calculate the highest common divisor of 3399 and 103.
103
What is the greatest common divisor of 38 and 266?
38
What is the greatest common divisor of 669 and 7136?
223
What is the greatest common divisor of 42 and 762?
6
What is the highest common factor of 845 and 65?
65
What is the highest common factor of 23 and 736?
23
What is the greatest common factor of 235 and 188?
47
What is the highest common factor of 48 and 1712?
16
What is the greatest common divisor of 21 and 119?
7
Calculate the highest common factor of 438 and 9052.
146
What is the greatest common divisor of 2